, what is -10 - -10011011010000111011110111?
10011011010000111011110101
In base 10, what is 14843 + 3786?
18629
In base 6, what is -243 - -15251205?
15250522
In base 7, what is 3 + -5145405?
-5145402
In base 7, what is -455210 - -2466?
-452411
In base 5, what is -12400014 + -44?
-12400113
In base 3, what is -12102110212 - 111?
-12102111100
In base 5, what is -444234443 - 3?
-444240001
In base 15, what is -66646 + 20?
-66626
In base 14, what is -5 + 3a9b4b?
3a9b46
In base 2, what is 11001001111011011101 - -1001?
11001001111011100110
In base 16, what is 37 - -811d?
8154
In base 14, what is -c + -116a400?
-116a40c
In base 8, what is 1012540 - -32?
1012572
In base 7, what is -3 - -54051523?
54051520
In base 7, what is 2201 + 30212?
32413
In base 5, what is 2424 - 31414140?
-31411211
In base 10, what is 367 - 54650?
-54283
In base 2, what is -1011010110000010100111110 + 100100?
-1011010110000010100011010
In base 13, what is 0 + -15a5202?
-15a5202
In base 8, what is -3046515 - 251?
-3046766
In base 12, what is ab1a + -883?
a257
In base 3, what is 1122020 + -112202100?
-111010010
In base 6, what is -231322114 - -200?
-231321514
In base 7, what is -33 - 22506?
-22542
In base 7, what is -2 - 22621301?
-22621303
In base 2, what is 11100100011010010110000 - -11?
11100100011010010110011
In base 3, what is 212120212220 + -1?
212120212212
In base 15, what is 118 + 64e?
767
In base 4, what is 3311223302 + -23?
3311223213
In base 10, what is -367837 + 1162?
-366675
In base 13, what is 4 - -330a242?
330a246
In base 10, what is 781090 - -40?
781130
In base 9, what is -1452 + -347775?
-350337
In base 11, what is 1a - -163282a5?
16328314
In base 2, what is 110111 - 101111000001111010?
-101111000001000011
In base 4, what is -123131013 - 10310?
-123201323
In base 12, what is -113 - 4750?
-4863
In base 6, what is -414235323 + 1?
-414235322
In base 14, what is -4 + -65a722c?
-65a7232
In base 6, what is -44424305 + -22?
-44424331
In base 3, what is 1110120002020112202 + 2?
1110120002020112211
In base 9, what is 266 + -71836?
-71560
In base 2, what is -10000100010 - 110110000011011010?
-110110010011111100
In base 10, what is 516 + 94787?
95303
In base 6, what is 431414 - -4352?
440210
In base 11, what is -10 - -276a48?
276a38
In base 3, what is -21010 + -2002222101021?
-2002222122101
In base 10, what is 154 + 53588?
53742
In base 13, what is -5 + -2b8025?
-2b802a
In base 3, what is 20220100 + -2120112?
11022211
In base 8, what is -123 + -40477?
-40622
In base 8, what is -701 + -3317?
-4220
In base 6, what is -55 + -1341521?
-1342020
In base 7, what is -16130 - 52566?
-102026
In base 7, what is -51 + 2106633?
2106552
In base 4, what is -3 - -203222030030?
203222030021
In base 3, what is -11211212200001 - -110?
-11211212122121
In base 4, what is -10 - -3201122333023?
3201122333013
In base 15, what is 2b1b + -4dd?
262d
In base 10, what is 27 - 18024158?
-18024131
In base 10, what is 18 + -3196429?
-3196411
In base 14, what is 9b + 169700?
16979b
In base 7, what is -1 + 40641601?
40641600
In base 8, what is 4 + 11100175?
11100201
In base 7, what is 52224 + 30414?
112641
In base 7, what is 51355460 + -26?
51355431
In base 6, what is -415 - -105535452?
105535033
In base 3, what is 1012102 - 101220010?
-100200201
In base 15, what is e91d4 - b?
e91c8
In base 8, what is 127 + -35305077?
-35304750
In base 10, what is -5447 + -17021?
-22468
In base 16, what is -363eea - 9?
-363ef3
In base 12, what is -1010a4a8 - 0?
-1010a4a8
In base 15, what is 1d17 + 3518?
5330
In base 14, what is -2684 + -175ac?
-19c52
In base 6, what is 5 - 23114421131?
-23114421122
In base 8, what is 20004 + 1122?
21126
In base 16, what is -544c9 - 1ee?
-546b7
In base 2, what is 1011010100100001 - 1010111110?
1011001001100011
In base 5, what is -102401032431 - 3?
-102401032434
In base 9, what is 2361 - 1624?
636
In base 4, what is -30323212320 - 10?
-30323212330
In base 11, what is -9240493 - -4?
-924048a
In base 10, what is 16104 - -9720?
25824
In base 15, what is 5513 - 552?
4eb1
In base 4, what is 21112 - -2003333330?
2010021102
In base 2, what is 1001111110111011101001 + -1?
1001111110111011101000
In base 3, what is 20021002212020102 + 2?
20021002212020111
In base 15, what is -13ce - -16b8?
2d9
In base 15, what is -939b9d7 - 3?
-939b9da
In base 15, what is ea3d + c?
ea4a
In base 5, what is 3113234413042 - -4?
3113234413101
In base 9, what is 1167211255 - 0?
1167211255
In base 8, what is -3 - -6654004?
6654001
In base 8, what is -7 - 10004344?
-10004353
In base 2, what is 10 - -110011100100111000001?
110011100100111000011
In base 9, what is -458243 + -21?
-458264
In base 7, what is 2 - 10330545?
-10330543
In base 6, what is 20 + -123444322?
-123444302
In base 2, what is -1000011001 - -11010011010110?
11001010111101
In base 16, what is 2 + 312f8e1?
312f8e3
In base 3, what is 1212001222 + -11122?
1211220100
In base 11, what is 459 + 21786?
22134
In base 11, what is -11 + 5250997?
5250986
In base 8, what is 15174 - -4735?
22131
In base 16, what is -2ac2d + 49a?
-2a793
In base 13, what is 2295 - -1991b?
1bbb3
In base 2, what is -100000000110 - 1000010010001?
-1100010010111
In base 13, what is -1729876 + 7?
-172986c
In base 8, what is 30466145 - -1?
30466146
In base 5, what is -22140 + 2400033?
2322343
In base 14, what is 3 + -b8d50?
-b8d4b
In base 5, what is 402040304 + -4?
402040300
In base 4, what is -122312113031 - -122?
-122312112303
In base 16, what is -247779 + 3f?
-24773a
In base 12, what is a6ab4 - -47a?
a7372
In base 16, what is -ad3e4 + 16?
-ad3ce
In base 13, what is 3056c159 + -2?
3056c157
In base 2, what is -11010001101100010010111000 - -11?
-11010001101100010010110101
In base 16, what is 1a8ab3b - 0?
1a8ab3b
In base 4, what is 311321 + -203322022?
-203010101
In base 10, what is -7019764 + 2?
-7019762
In base 7, what is 223 - 220403?
-220150
In base 16, what is -f291 + -8a?
-f31b
In base 3, what is 2 - -101022021221?
101022022000
In base 12, what is -2b7 + -226443?
-22673a
In base 2, what is -10100001010001110001101 - -11?
-10100001010001110001010
In base 5, what is 44 + -414323232?
-414323133
In base 14, what is -ba - -77c0d?
77b33
In base 5, what is 402223023 - -3?
402223031
In base 14, what is 44b4b + -6da?
44451
In base 3, what is -100021 - 21002220022?
-21010020120
In base 4, what is 120111 + -11230?
102221
In base 10, what is -136 - 5597?
-5733
In base 2, what is 10110101111110100111 + -10110011?
10110101111011110100
In base 10, what is -3197 + 160646?
157449
In base 8, what is -563606 + 1074?
-562512
In base 4, what is 1 - -202013323222?
202013323223
In base 14, what is 4 - 116cc3b9?
-116cc3b5
In base 9, what is 84 + -3114178?
-3114084
In base 3, what is 11220111222021001022 + -11?
11220111222021001011
In base 14, what is 2 + -1b47b94a?
-1b47b948
In base 16, what is 0 + d9d087?
d9d087
In base 13, what is -271c - 43a6a?
-46489
In base 16, what is -4 - -65811a?
658116
In base 9, what is 2055 - 3423?
-1357
In base 16, what is 433d64 + 0?
433d64
In base 5, what is -23213440 + 232?
-23213203
In base 2, what is 100000100111111001111 + 110001?
100000101000000000000
In base 2, what is 11000 + -1100101101010101110000?
-1100101101010101011000
In base 10, what is 157982 - 100?
157882
In base 7, what is 10 - -6552246?
6552256
In base 11, what is -35161077 + -1?
-35161078
In base 12, what is -b58 - 5b855?
-607b1
In base 7, what is 4 - 55561650?
-55561643
In base 16, what is -14557 + -1a1d?
-15f74
In base 9, what is 55 - -5863730?
5863785
In base 7, what is -451425 + 515?
-450610
In base 2, what is -101000110111011000000010 + 11?
-101000110111010111111111
In base 6, what is 5 + 55251123?
55251132
In base 15, what is 2a + 17e353?
17e37d
In base 5, what is 4 - 30101213330?
-30101213321
In base 9, what is 65 - 651607?
-651532
In base 15, what is 167d0885 + -1?
167d0884
In base 10, what is -2 - 1542519?
-1542521
In base 16, what is -26d9a + 81?
-26d19
In base 7, what is -36102503 + 0?
-36102503
In base 6, what is -1402010 - -55?
-1401511
In base 7, what is 2 - -12265540663?
12265540665
In base 6, what is 110001 + -43452?
22105
In base 12, what is -b81 + -5732?
-66b3
In base 3, what is -1100122212221202 - -2?
-1100122212221200
In base 3, what is 1000001222 + 201122?
1000210121
In base 14, what is -2ac3836